{"id":286,"date":"2025-04-16T09:18:00","date_gmt":"2025-04-16T09:18:00","guid":{"rendered":"https:\/\/mw.niubrands.pl\/?page_id=286"},"modified":"2025-04-16T15:20:27","modified_gmt":"2025-04-16T15:20:27","slug":"aux","status":"publish","type":"page","link":"https:\/\/wojan-klimatyzacje.pl\/index.php\/aux\/","title":{"rendered":"Aux"},"content":{"rendered":"<section class=\"bde-section-286-100 bde-section\">\n  \n  \n\t\n\n\n\n<div class=\"section-container\"><h1 class=\"bde-heading-286-101 bde-heading\">\nModele firmy AUX\n<\/h1><\/div>\n<\/section><section class=\"bde-section-286-102 bde-section\">\n  \n  \n\t\n\n\n\n<div class=\"section-container\"><div class=\"bde-columns-286-103 bde-columns\"><div class=\"bde-column-286-104 bde-column\">\n  \n  \n\t\n\n\n\n<img decoding=\"async\" class=\"bde-image2-286-106 bde-image2\" src=\"http:\/\/mw.niubrands.pl\/wp-content\/uploads\/2025\/04\/Q-Smart-Eco.webp\" loading=\"lazy\" srcset=\"https:\/\/wojan-klimatyzacje.pl\/wp-content\/uploads\/2025\/04\/Q-Smart-Eco.webp 1024w, https:\/\/wojan-klimatyzacje.pl\/wp-content\/uploads\/2025\/04\/Q-Smart-Eco-300x114.webp 300w, https:\/\/wojan-klimatyzacje.pl\/wp-content\/uploads\/2025\/04\/Q-Smart-Eco-768x293.webp 768w\" sizes=\"(max-width: 1024px) 100vw, 1024px\">\n<\/div><div class=\"bde-column-286-105 bde-column\">\n  \n  \n\t\n\n\n\n<h1 class=\"bde-heading-286-107 bde-heading\">\nModele z serii Q-Smart Eco\n<\/h1><div class=\"bde-text-286-115 bde-text\">\nAUX-09QG<br>AUX-12QG<br>AUX-18QG<br>AUX-24QG\n<\/div><div class=\"bde-text-286-108 bde-text\">\nEkonomiczna seria urz\u0105dze\u0144 odpowiednia do ka\u017cdego typu pomieszczenia. Wyj\u0105tkowe funkcje zapewniaj\u0105 wygodne u\u017cytkowanie urz\u0105dzenia. Elegancka obudowa z wyci\u0119ciami w kszta\u0142cie diament\u00f3w po bokach dodaje urz\u0105dzeniu szyku.\n<\/div><div class=\"bde-columns-286-109 bde-columns\"><div class=\"bde-column-286-110 bde-column\">\n  \n  \n\t\n\n\n\n<div class=\"bde-button-286-112 bde-button\">\n    \n                        \n                        \n    \n    \n    \n    \n            \n                    \n            \n            \n\n    \n    \n    \n    \n    \n    <a class=\"breakdance-link button-atom button-atom--custom bde-button__button\" href=\"https:\/\/auxcool.pl\/produkty\/klimatyzatory-pokojowe\/q-smart-eco\/\" target=\"_self\" data-type=\"url\"  >\n\n    \n        <span class=\"button-atom__text\">Dane techniczne modeli<\/span>\n\n        \n        \n                <\/a>\n\n    \n\n\n<\/div>\n<\/div><div class=\"bde-column-286-111 bde-column\">\n  \n  \n\t\n\n\n\n<div class=\"bde-button-286-113 bde-button\">\n    \n                        \n                        \n    \n    \n    \n    \n            \n                    \n            \n            \n\n    \n    \n    \n    \n    \n    <a class=\"breakdance-link button-atom button-atom--custom bde-button__button\" href=\"tel: 531606532\" target=\"_self\" data-type=\"contact\"  >\n\n    \n        <span class=\"button-atom__text\">Zapytaj o dob\u00f3r i cen\u0119 klimatyzatora<\/span>\n\n        \n        \n                <\/a>\n\n    \n\n\n<\/div>\n<\/div><\/div>\n<\/div><\/div><div class=\"bde-fancy-divider-286-114 bde-fancy-divider\">\n\n\n<div class=\"bde-fancy-divider__wrapper\">\n  <div class=\"bde-fancy-divider__separator   \">\n  \t  <\/div>\n<\/div>\n\n<\/div><\/div>\n<\/section><section class=\"bde-section-286-144 bde-section\">\n  \n  \n\t\n\n\n\n<div class=\"section-container\"><div class=\"bde-columns-286-145 bde-columns\"><div class=\"bde-column-286-146 bde-column\">\n  \n  \n\t\n\n\n\n<img decoding=\"async\" class=\"bde-image2-286-147 bde-image2\" src=\"http:\/\/mw.niubrands.pl\/wp-content\/uploads\/2025\/04\/Halo.png\" loading=\"lazy\" srcset=\"https:\/\/wojan-klimatyzacje.pl\/wp-content\/uploads\/2025\/04\/Halo.png 800w, https:\/\/wojan-klimatyzacje.pl\/wp-content\/uploads\/2025\/04\/Halo-300x113.png 300w, https:\/\/wojan-klimatyzacje.pl\/wp-content\/uploads\/2025\/04\/Halo-768x288.png 768w\" sizes=\"(max-width: 800px) 100vw, 800px\">\n<\/div><div class=\"bde-column-286-148 bde-column\">\n  \n  \n\t\n\n\n\n<h1 class=\"bde-heading-286-149 bde-heading\">\nModele z serii Halo\n<\/h1><div class=\"bde-text-286-150 bde-text\">\nAUX-09HA<br>AUX-12HA<br>AUX-18HA<br>AUX-24HA\n<\/div><div class=\"bde-text-286-151 bde-text\">\nEkskluzywna linia Halo skierowana do wielbicieli luksusu. Minimalizm w doskona\u0142ym wydaniu. Stworzone z my\u015bl\u0105 o nowoczesnych wn\u0119trzach. \n<\/div><div class=\"bde-columns-286-152 bde-columns\"><div class=\"bde-column-286-153 bde-column\">\n  \n  \n\t\n\n\n\n<div class=\"bde-button-286-154 bde-button\">\n    \n                        \n                        \n    \n    \n    \n    \n            \n                    \n            \n            \n\n    \n    \n    \n    \n    \n    <a class=\"breakdance-link button-atom button-atom--custom bde-button__button\" href=\"https:\/\/auxcool.pl\/produkty\/klimatyzatory-pokojowe\/halo\/\" target=\"_self\" data-type=\"url\"  >\n\n    \n        <span class=\"button-atom__text\">Dane techniczne modeli<\/span>\n\n        \n        \n                <\/a>\n\n    \n\n\n<\/div>\n<\/div><div class=\"bde-column-286-155 bde-column\">\n  \n  \n\t\n\n\n\n<div class=\"bde-button-286-156 bde-button\">\n    \n                        \n                        \n    \n    \n    \n    \n            \n                    \n            \n            \n\n    \n    \n    \n    \n    \n    <a class=\"breakdance-link button-atom button-atom--custom bde-button__button\" href=\"tel: 531606532\" target=\"_self\" data-type=\"contact\"  >\n\n    \n        <span class=\"button-atom__text\">Zapytaj o dob\u00f3r i cen\u0119 klimatyzatora<\/span>\n\n        \n        \n                <\/a>\n\n    \n\n\n<\/div>\n<\/div><\/div>\n<\/div><\/div><div class=\"bde-fancy-divider-286-157 bde-fancy-divider\">\n\n\n<div class=\"bde-fancy-divider__wrapper\">\n  <div class=\"bde-fancy-divider__separator   \">\n  \t  <\/div>\n<\/div>\n\n<\/div><\/div>\n<\/section><section class=\"bde-section-286-116 bde-section\">\n  \n  \n\t\n\n\n\n<div class=\"section-container\"><div class=\"bde-columns-286-117 bde-columns\"><div class=\"bde-column-286-118 bde-column\">\n  \n  \n\t\n\n\n\n<img decoding=\"async\" class=\"bde-image2-286-119 bde-image2\" src=\"http:\/\/mw.niubrands.pl\/wp-content\/uploads\/2025\/04\/J-Smart1.png\" loading=\"lazy\" srcset=\"https:\/\/wojan-klimatyzacje.pl\/wp-content\/uploads\/2025\/04\/J-Smart1.png 800w, https:\/\/wojan-klimatyzacje.pl\/wp-content\/uploads\/2025\/04\/J-Smart1-300x113.png 300w, https:\/\/wojan-klimatyzacje.pl\/wp-content\/uploads\/2025\/04\/J-Smart1-768x288.png 768w\" sizes=\"(max-width: 800px) 100vw, 800px\">\n<\/div><div class=\"bde-column-286-120 bde-column\">\n  \n  \n\t\n\n\n\n<h1 class=\"bde-heading-286-121 bde-heading\">\nModele z serii J-Smart\n<\/h1><div class=\"bde-text-286-122 bde-text\">\nAUX-09J2O<br>AUX-12J2O<br>AUX-18J2O<br>AUX-24J2O\n<\/div><div class=\"bde-text-286-123 bde-text\">\nZachwycaj\u0105ce, wyrafinowane wzornictwo na \u015bwiatowym poziomie. Linia dedykowana osobom ceni\u0105cym po\u0142\u0105czenie wyszukanego stylu i funkcjonalno\u015bci. \n<\/div><div class=\"bde-columns-286-124 bde-columns\"><div class=\"bde-column-286-125 bde-column\">\n  \n  \n\t\n\n\n\n<div class=\"bde-button-286-126 bde-button\">\n    \n                        \n                        \n    \n    \n    \n    \n            \n                    \n            \n            \n\n    \n    \n    \n    \n    \n    <a class=\"breakdance-link button-atom button-atom--custom bde-button__button\" href=\"https:\/\/auxcool.pl\/produkty\/klimatyzatory-pokojowe\/j-smart\/\" target=\"_self\" data-type=\"url\"  >\n\n    \n        <span class=\"button-atom__text\">Dane techniczne modeli<\/span>\n\n        \n        \n                <\/a>\n\n    \n\n\n<\/div>\n<\/div><div class=\"bde-column-286-127 bde-column\">\n  \n  \n\t\n\n\n\n<div class=\"bde-button-286-128 bde-button\">\n    \n                        \n                        \n    \n    \n    \n    \n            \n                    \n            \n            \n\n    \n    \n    \n    \n    \n    <a class=\"breakdance-link button-atom button-atom--custom bde-button__button\" href=\"tel: 531606532\" target=\"_self\" data-type=\"contact\"  >\n\n    \n        <span class=\"button-atom__text\">Zapytaj o dob\u00f3r i cen\u0119 klimatyzatora<\/span>\n\n        \n        \n                <\/a>\n\n    \n\n\n<\/div>\n<\/div><\/div>\n<\/div><\/div><div class=\"bde-fancy-divider-286-129 bde-fancy-divider\">\n\n\n<div class=\"bde-fancy-divider__wrapper\">\n  <div class=\"bde-fancy-divider__separator   \">\n  \t  <\/div>\n<\/div>\n\n<\/div><\/div>\n<\/section><section class=\"bde-section-286-130 bde-section\">\n  \n  \n\t\n\n\n\n<div class=\"section-container\"><div class=\"bde-columns-286-131 bde-columns\"><div class=\"bde-column-286-132 bde-column\">\n  \n  \n\t\n\n\n\n<img decoding=\"async\" class=\"bde-image2-286-133 bde-image2\" src=\"http:\/\/mw.niubrands.pl\/wp-content\/uploads\/2025\/04\/J-Smart1.png\" loading=\"lazy\" srcset=\"https:\/\/wojan-klimatyzacje.pl\/wp-content\/uploads\/2025\/04\/J-Smart1.png 800w, https:\/\/wojan-klimatyzacje.pl\/wp-content\/uploads\/2025\/04\/J-Smart1-300x113.png 300w, https:\/\/wojan-klimatyzacje.pl\/wp-content\/uploads\/2025\/04\/J-Smart1-768x288.png 768w\" sizes=\"(max-width: 800px) 100vw, 800px\">\n<\/div><div class=\"bde-column-286-134 bde-column\">\n  \n  \n\t\n\n\n\n<h1 class=\"bde-heading-286-135 bde-heading\">\nModele z serii C-Smart Premium White\n<\/h1><div class=\"bde-text-286-136 bde-text\">\nAUX-09CA<br>AUX-12CA<br>AUX-18C3A<br>AUX-24C3A\n<\/div><div class=\"bde-text-286-137 bde-text\">\nLinia stworzona dla os\u00f3b ceni\u0105cych po\u0142\u0105czenie energooszcz\u0119dnych urz\u0105dze\u0144 z bogatym zestawem funkcji. Unikalny design i technologia cyrkulacji powietrza zapewniaj\u0105 komfort zar\u00f3wno w trybie ch\u0142odzenia, jak i ogrzewania.\n<\/div><div class=\"bde-columns-286-138 bde-columns\"><div class=\"bde-column-286-139 bde-column\">\n  \n  \n\t\n\n\n\n<div class=\"bde-button-286-140 bde-button\">\n    \n                        \n                        \n    \n    \n    \n    \n            \n                    \n            \n            \n\n    \n    \n    \n    \n    \n    <a class=\"breakdance-link button-atom button-atom--custom bde-button__button\" href=\"https:\/\/auxcool.pl\/produkty\/klimatyzatory-pokojowe\/c-smart-premium-white\/\" target=\"_self\" data-type=\"url\"  >\n\n    \n        <span class=\"button-atom__text\">Dane techniczne modeli<\/span>\n\n        \n        \n                <\/a>\n\n    \n\n\n<\/div>\n<\/div><div class=\"bde-column-286-141 bde-column\">\n  \n  \n\t\n\n\n\n<div class=\"bde-button-286-142 bde-button\">\n    \n                        \n                        \n    \n    \n    \n    \n            \n                    \n            \n            \n\n    \n    \n    \n    \n    \n    <a class=\"breakdance-link button-atom button-atom--custom bde-button__button\" href=\"tel: 531606532\" target=\"_self\" data-type=\"contact\"  >\n\n    \n        <span class=\"button-atom__text\">Zapytaj o dob\u00f3r i cen\u0119 klimatyzatora<\/span>\n\n        \n        \n                <\/a>\n\n    \n\n\n<\/div>\n<\/div><\/div>\n<\/div><\/div><div class=\"bde-fancy-divider-286-143 bde-fancy-divider\">\n\n\n<div class=\"bde-fancy-divider__wrapper\">\n  <div class=\"bde-fancy-divider__separator   \">\n  \t  <\/div>\n<\/div>\n\n<\/div><\/div>\n<\/section>","protected":false},"excerpt":{"rendered":"<p>Modele firmy AUX Modele z serii Q-Smart Eco AUX-09QGAUX-12QGAUX-18QGAUX-24QG Ekonomiczna seria urz\u0105dze\u0144 odpowiednia do ka\u017cdego typu pomieszczenia. Wyj\u0105tkowe funkcje zapewniaj\u0105 wygodne u\u017cytkowanie urz\u0105dzenia. Elegancka obudowa z wyci\u0119ciami w kszta\u0142cie diament\u00f3w po bokach dodaje urz\u0105dzeniu szyku. Dane techniczne modeli Zapytaj o dob\u00f3r i cen\u0119 klimatyzatora Modele z serii Halo AUX-09HAAUX-12HAAUX-18HAAUX-24HA Ekskluzywna linia Halo skierowana do wielbicieli [&hellip;]<\/p>\n","protected":false},"author":1,"featured_media":0,"parent":0,"menu_order":0,"comment_status":"closed","ping_status":"closed","template":"","meta":{"_breakdance_hide_in_design_set":false,"_breakdance_tags":"","footnotes":""},"class_list":["post-286","page","type-page","status-publish","hentry"],"_links":{"self":[{"href":"https:\/\/wojan-klimatyzacje.pl\/index.php\/wp-json\/wp\/v2\/pages\/286","targetHints":{"allow":["GET"]}}],"collection":[{"href":"https:\/\/wojan-klimatyzacje.pl\/index.php\/wp-json\/wp\/v2\/pages"}],"about":[{"href":"https:\/\/wojan-klimatyzacje.pl\/index.php\/wp-json\/wp\/v2\/types\/page"}],"author":[{"embeddable":true,"href":"https:\/\/wojan-klimatyzacje.pl\/index.php\/wp-json\/wp\/v2\/users\/1"}],"replies":[{"embeddable":true,"href":"https:\/\/wojan-klimatyzacje.pl\/index.php\/wp-json\/wp\/v2\/comments?post=286"}],"version-history":[{"count":12,"href":"https:\/\/wojan-klimatyzacje.pl\/index.php\/wp-json\/wp\/v2\/pages\/286\/revisions"}],"predecessor-version":[{"id":301,"href":"https:\/\/wojan-klimatyzacje.pl\/index.php\/wp-json\/wp\/v2\/pages\/286\/revisions\/301"}],"wp:attachment":[{"href":"https:\/\/wojan-klimatyzacje.pl\/index.php\/wp-json\/wp\/v2\/media?parent=286"}],"curies":[{"name":"wp","href":"https:\/\/api.w.org\/{rel}","templated":true}]}}