{"id":173,"date":"2025-03-07T14:05:26","date_gmt":"2025-03-07T14:05:26","guid":{"rendered":"https:\/\/mw.niubrands.pl\/?page_id=173"},"modified":"2025-04-10T13:50:05","modified_gmt":"2025-04-10T13:50:05","slug":"kontakt","status":"publish","type":"page","link":"https:\/\/wojan-klimatyzacje.pl\/index.php\/kontakt\/","title":{"rendered":"Kontakt"},"content":{"rendered":"<section class=\"bde-section-173-117 bde-section\">\n              \n  \n  \n\t\n\n  <div class=\"section-background-overlay\"><\/div>\n\n\n<div class=\"section-container\"><h1 class=\"bde-heading-173-118 bde-heading\">\nKontakt\n<\/h1><\/div>\n<\/section><section class=\"bde-section-173-119 bde-section\">\n  \n  \n\t\n\n\n\n<div class=\"section-container\"><div class=\"bde-div-173-120 bde-div\">\n  \n  \n\t\n\n\n\n<div class=\"bde-icon-box-173-121 bde-icon-box\">\n\n    \n            <div class=\"ee-iconbox-icon breakdance-icon-atom\" >\n    \n                    <svg xmlns=\"http:\/\/www.w3.org\/2000\/svg\" width=\"19\" height=\"18\" viewBox=\"0 0 19 18\" fill=\"none\">\r\n<path d=\"M17.2879 14.064C17.2879 14.352 17.2237 14.648 17.0873 14.936C16.9509 15.224 16.7744 15.496 16.5417 15.752C16.1486 16.184 15.7153 16.496 15.2259 16.696C14.7445 16.896 14.223 17 13.6614 17C12.843 17 11.9685 16.808 11.0459 16.416C10.1232 16.024 9.20053 15.496 8.28589 14.832C7.35369 14.1521 6.47401 13.4033 5.65429 12.592C4.84297 11.7776 4.09467 10.9031 3.41583 9.976C2.75793 9.064 2.2284 8.152 1.84329 7.248C1.45818 6.336 1.26562 5.464 1.26562 4.632C1.26562 4.088 1.3619 3.568 1.55446 3.088C1.74701 2.6 2.05189 2.152 2.47712 1.752C2.9906 1.248 3.55223 1 4.14594 1C4.37059 1 4.59524 1.048 4.79582 1.144C5.00442 1.24 5.18895 1.384 5.33337 1.592L7.19474 4.208C7.33916 4.408 7.44346 4.592 7.51567 4.768C7.58788 4.936 7.62799 5.104 7.62799 5.256C7.62799 5.448 7.57183 5.64 7.45951 5.824C7.35521 6.008 7.20277 6.2 7.01021 6.392L6.40045 7.024C6.31219 7.112 6.27208 7.216 6.27208 7.344C6.27208 7.408 6.2801 7.464 6.29615 7.528C6.32022 7.592 6.34429 7.64 6.36033 7.688C6.50475 7.952 6.75347 8.296 7.10649 8.712C7.46753 9.128 7.85264 9.552 8.26985 9.976C8.7031 10.4 9.1203 10.792 9.54553 11.152C9.96273 11.504 10.3077 11.744 10.5805 11.888C10.6206 11.904 10.6688 11.928 10.7249 11.952C10.7891 11.976 10.8533 11.984 10.9255 11.984C11.0619 11.984 11.1662 11.936 11.2545 11.848L11.8642 11.248C12.0648 11.048 12.2574 10.896 12.4419 10.8C12.6264 10.688 12.811 10.632 13.0115 10.632C13.164 10.632 13.3244 10.664 13.5009 10.736C13.6775 10.808 13.862 10.912 14.0626 11.048L16.7182 12.928C16.9268 13.072 17.0713 13.24 17.1595 13.44C17.2397 13.64 17.2879 13.84 17.2879 14.064Z\" stroke=\"white\" stroke-width=\"1.5\" stroke-miterlimit=\"10\"\/>\r\n<path d=\"M14.2835 7C14.2835 6.48571 13.8801 5.69714 13.2792 5.05429C12.7299 4.46286 12.0003 4 11.2793 4M17.2876 7C17.2876 3.68286 14.6011 1 11.2793 1\" stroke=\"white\" stroke-width=\"1.5\" stroke-linecap=\"round\" stroke-linejoin=\"round\"\/>\r\n<\/svg>\n        \n        \n        \n            <\/div>\n    \n\n<div class=\"ee-iconbox-content\">\n      <h3 class=\"ee-iconbox-title bde-h3\" >Telefon<\/h3>\n        <div class=\"ee-iconbox-text\" >+ 48  531 606 532<\/div>\n    <\/div>\n\n<\/div><div class=\"bde-icon-box-173-122 bde-icon-box\">\n\n    \n            <div class=\"ee-iconbox-icon breakdance-icon-atom\" >\n    \n                    <svg xmlns=\"http:\/\/www.w3.org\/2000\/svg\" width=\"17\" height=\"14\" viewBox=\"0 0 17 14\" fill=\"none\">\r\n<path d=\"M11.6588 13H4.44876C2.28575 13 0.84375 11.9412 0.84375 9.47059V4.52941C0.84375 2.05882 2.28575 1 4.44876 1H11.6588C13.8218 1 15.2638 2.05882 15.2638 4.52941V9.47059C15.2638 11.9412 13.8218 13 11.6588 13Z\" stroke=\"white\" stroke-width=\"1.5\" stroke-miterlimit=\"10\" stroke-linecap=\"round\" stroke-linejoin=\"round\"\/>\r\n<path d=\"M11.6592 4.59961L9.4025 6.52577C8.65987 7.15755 7.44137 7.15755 6.69874 6.52577L4.44922 4.59961\" stroke=\"white\" stroke-width=\"1.5\" stroke-miterlimit=\"10\" stroke-linecap=\"round\" stroke-linejoin=\"round\"\/>\r\n<\/svg>\n        \n        \n        \n            <\/div>\n    \n\n<div class=\"ee-iconbox-content\">\n      <h3 class=\"ee-iconbox-title bde-h3\" >Email <\/h3>\n        <div class=\"ee-iconbox-text\" >instalacje.wojan@gmail.com<\/div>\n    <\/div>\n\n<\/div><div class=\"bde-icon-box-173-123 bde-icon-box\">\n\n    \n            <div class=\"ee-iconbox-icon breakdance-icon-atom\" >\n    \n                    <svg xmlns=\"http:\/\/www.w3.org\/2000\/svg\" width=\"16\" height=\"18\" viewBox=\"0 0 16 18\" fill=\"none\">\r\n<path d=\"M7.72273 10.1455C8.05104 10.1455 8.37614 10.081 8.67947 9.9555C8.98279 9.83004 9.25839 9.64614 9.49055 9.41431C9.7227 9.18248 9.90685 8.90725 10.0325 8.60435C10.1581 8.30145 10.2228 7.9768 10.2228 7.64894C10.2228 7.32109 10.1581 6.99644 10.0325 6.69354C9.90685 6.39064 9.7227 6.11541 9.49055 5.88358C9.25839 5.65175 8.98279 5.46785 8.67947 5.34239C8.37614 5.21692 8.05104 5.15234 7.72273 5.15234C7.05967 5.15234 6.42377 5.41538 5.95491 5.88358C5.48606 6.35178 5.22266 6.9868 5.22266 7.64894C5.22266 8.31108 5.48606 8.9461 5.95491 9.41431C6.42377 9.88251 7.05967 10.1455 7.72273 10.1455Z\" stroke=\"white\" stroke-width=\"1.5\"\/>\r\n<path d=\"M1.00702 6.19325C2.58559 -0.736416 12.8663 -0.728413 14.4369 6.20125C15.3584 10.2662 12.8263 13.7071 10.6067 15.8356C9.83106 16.5826 8.79551 17 7.71795 17C6.6404 17 5.60485 16.5826 4.82925 15.8356C2.61765 13.7071 0.0855205 10.2582 1.00702 6.19325Z\" stroke=\"white\" stroke-width=\"1.5\"\/>\r\n<\/svg>\n        \n        \n        \n            <\/div>\n    \n\n<div class=\"ee-iconbox-content\">\n      <h3 class=\"ee-iconbox-title bde-h3\" >Adres<\/h3>\n        <div class=\"ee-iconbox-text\" >Stara \u0141om\u017ca przy Szosie, ul. Lipowa 19  18-400 \u0141om\u017ca<\/div>\n    <\/div>\n\n<\/div>\n<\/div><\/div>\n<\/section>","protected":false},"excerpt":{"rendered":"<p>Kontakt Telefon + 48 531 606 532 Email instalacje.wojan@gmail.com Adres Stara \u0141om\u017ca przy Szosie, ul. Lipowa 19 18-400 \u0141om\u017ca<\/p>\n","protected":false},"author":1,"featured_media":0,"parent":0,"menu_order":0,"comment_status":"closed","ping_status":"closed","template":"","meta":{"_breakdance_hide_in_design_set":false,"_breakdance_tags":"","footnotes":""},"class_list":["post-173","page","type-page","status-publish","hentry"],"_links":{"self":[{"href":"https:\/\/wojan-klimatyzacje.pl\/index.php\/wp-json\/wp\/v2\/pages\/173","targetHints":{"allow":["GET"]}}],"collection":[{"href":"https:\/\/wojan-klimatyzacje.pl\/index.php\/wp-json\/wp\/v2\/pages"}],"about":[{"href":"https:\/\/wojan-klimatyzacje.pl\/index.php\/wp-json\/wp\/v2\/types\/page"}],"author":[{"embeddable":true,"href":"https:\/\/wojan-klimatyzacje.pl\/index.php\/wp-json\/wp\/v2\/users\/1"}],"replies":[{"embeddable":true,"href":"https:\/\/wojan-klimatyzacje.pl\/index.php\/wp-json\/wp\/v2\/comments?post=173"}],"version-history":[{"count":8,"href":"https:\/\/wojan-klimatyzacje.pl\/index.php\/wp-json\/wp\/v2\/pages\/173\/revisions"}],"predecessor-version":[{"id":239,"href":"https:\/\/wojan-klimatyzacje.pl\/index.php\/wp-json\/wp\/v2\/pages\/173\/revisions\/239"}],"wp:attachment":[{"href":"https:\/\/wojan-klimatyzacje.pl\/index.php\/wp-json\/wp\/v2\/media?parent=173"}],"curies":[{"name":"wp","href":"https:\/\/api.w.org\/{rel}","templated":true}]}}